{"version":"1.0","provider_name":"Kisha Orthodh\u03bfkse Autoqefale e Shqip\u00ebris\u00eb","provider_url":"https:\/\/orthodoxalbania.org\/2020","author_name":"Kisha Orthodhokse","author_url":"https:\/\/orthodoxalbania.org\/2020\/author\/giokashar\/","title":"P\u00ebrfundon restaurimi i kishave n\u00eb zon\u00ebn e Fierit - Kisha Orthodh\u03bfkse Autoqefale e Shqip\u00ebris\u00eb","type":"rich","width":600,"height":338,"html":"<blockquote class=\"wp-embedded-content\" data-secret=\"o2DyGxEgZ9\"><a href=\"https:\/\/orthodoxalbania.org\/2020\/2019\/03\/18\/perfundon-restaurimi-i-kishave-ne-zonen-e-fierit\/\">P\u00ebrfundon restaurimi i kishave n\u00eb zon\u00ebn e Fierit<\/a><\/blockquote><iframe sandbox=\"allow-scripts\" security=\"restricted\" src=\"https:\/\/orthodoxalbania.org\/2020\/2019\/03\/18\/perfundon-restaurimi-i-kishave-ne-zonen-e-fierit\/embed\/#?secret=o2DyGxEgZ9\" width=\"600\" height=\"338\" title=\"&#8220;P\u00ebrfundon restaurimi i kishave n\u00eb zon\u00ebn e Fierit&#8221; &#8212; Kisha Orthodh\u03bfkse Autoqefale e Shqip\u00ebris\u00eb\" data-secret=\"o2DyGxEgZ9\" frameborder=\"0\" marginwidth=\"0\" marginheight=\"0\" scrolling=\"no\" class=\"wp-embedded-content\"><\/iframe><script type=\"text\/javascript\">\n\/* <![CDATA[ *\/\n\/*! This file is auto-generated *\/\n!function(d,l){\"use strict\";l.querySelector&&d.addEventListener&&\"undefined\"!=typeof URL&&(d.wp=d.wp||{},d.wp.receiveEmbedMessage||(d.wp.receiveEmbedMessage=function(e){var t=e.data;if((t||t.secret||t.message||t.value)&&!\/[^a-zA-Z0-9]\/.test(t.secret)){for(var s,r,n,a=l.querySelectorAll('iframe[data-secret=\"'+t.secret+'\"]'),o=l.querySelectorAll('blockquote[data-secret=\"'+t.secret+'\"]'),c=new RegExp(\"^https?:$\",\"i\"),i=0;i<o.length;i++)o[i].style.display=\"none\";for(i=0;i<a.length;i++)s=a[i],e.source===s.contentWindow&&(s.removeAttribute(\"style\"),\"height\"===t.message?(1e3<(r=parseInt(t.value,10))?r=1e3:~~r<200&&(r=200),s.height=r):\"link\"===t.message&&(r=new URL(s.getAttribute(\"src\")),n=new URL(t.value),c.test(n.protocol))&&n.host===r.host&&l.activeElement===s&&(d.top.location.href=t.value))}},d.addEventListener(\"message\",d.wp.receiveEmbedMessage,!1),l.addEventListener(\"DOMContentLoaded\",function(){for(var e,t,s=l.querySelectorAll(\"iframe.wp-embedded-content\"),r=0;r<s.length;r++)(t=(e=s[r]).getAttribute(\"data-secret\"))||(t=Math.random().toString(36).substring(2,12),e.src+=\"#?secret=\"+t,e.setAttribute(\"data-secret\",t)),e.contentWindow.postMessage({message:\"ready\",secret:t},\"*\")},!1)))}(window,document);\n\/\/# sourceURL=https:\/\/orthodoxalbania.org\/2020\/wp-includes\/js\/wp-embed.min.js\n\/* ]]> *\/\n<\/script>\n","thumbnail_url":"https:\/\/orthodoxalbania.org\/2020\/wp-content\/uploads\/2020\/04\/YUY5RPJt9AC8RExvcJ2slGqDFrE1b3Y6ou7Cyt-wj0h9hpmSNotpe1kRivWwtRRhxF319zZlCAIcpWlZYt5xljka6PQ4m4lDyZXKaJGBDD2vWO0xaEgxoiCQBkmvsZQQH-jTfTQFYPXyAfxNQoKGBoeV4DUfEFXarNmsMshDbpG_cZlwlAMch19bevGcdcB2VtEBh63TOvXdvMNGS_rmwvAoNsfgA7BNWc3qZYgl3DU1kRB9yhiDTdABgIf1MHqTPHvj-BFk2_8J-YO8xhA2CMXGAvvKd15zCFI-Q5_8pSRUx4QNWSu9UKl6b32lSOPZ06Kpp_N5uT4_pwrTVV_kDzHGeg57cbIjbyDS370ANeOhauBLDlLo7RpVsOcV8stpD4ym6_6MAojBO5Z_EQQg3ZzCzjrD7BHZ1PTDOonDW-xIpTRy3GuMuWqDEbReMxvw_v-hlWHL8SmBP76Pgp9WPjhCEFDgnEJ9sXw4L4m0aa6yUELkxpiIoAOf33gZZmsYbA51jDC0vFW1hBZgg-vVMjeDQoChdcQO9vMPkWCbXNU6A7kCeRsT_5kBhRr0K_4DvwHqWRL0ChIHTO942GWDLP3dEwfEK3VXbXNTlPesi71uhQuIEfUDg7JPcYm8ymT2F1yJEvuD-Gc_No3YmxS4jPA0NiSSLd_7PnbRUzDyQm9EACvghMJ43Njz076zLzFACMhubRPz_tbkBW2bh51-p72S-w1366-h621-no.jpg","thumbnail_width":150,"thumbnail_height":150,"description":"&nbsp; MBAROJN\u00cb PUNIMET E ND\u00cbRHYRJEVE RESTAURUESE T\u00cb STRUKTURAVE T\u00cb \u00c7ATIS\u00cb N\u00cb KISHAT E \u201cSH\u00cbN GJERGJIT\u201d LIBOFSH\u00cb DHE \u201cSH\u00cbN NIKOLL\u00cbS\u201d VANAJ N\u00cb ZON\u00cbN E FIERIT. &nbsp; Mbarojn\u00eb punimet e restaurimit t\u00eb nd\u00ebrhyrjes p\u00ebr riparimin e \u00e7ative n\u00eb kish\u00ebn e \u201cSh\u00ebn Gjergjit\u201d Libofsh\u00eb dhe \u201cSh\u00ebn Nikoll\u00ebs\u201d, Vanaj. N\u00eb k\u00ebto dy kisha ka pasur nd\u00ebrhyrje restauruese nga Drejtoria Rajonale e Monumenteve te Kultur\u00ebs t\u00eb Tiran\u00ebs gjat\u00eb viteve 1998-1999"}

Kisha Orthodhοkse Autoqefale e Shqipërisë

Përfundon restaurimi i kishave në zonën e Fierit - Kisha Orthodhοkse Autoqefale e Shqipërisë

<blockquote class="wp-embedded-content" data-secret="o2DyGxEgZ9"><a href="https://orthodoxalbania.org/2020/2019/03/18/perfundon-restaurimi-i-kishave-ne-zonen-e-fierit/">Përfundon restaurimi i kishave në zonën e Fierit</a></blockquote><iframe sandbox="allow-scripts" security="restricted" src="https://orthodoxalbania.org/2020/2019/03/18/perfundon-restaurimi-i-kishave-ne-zonen-e-fierit/embed/#?secret=o2DyGxEgZ9" width="600" height="338" title="&#8220;Përfundon restaurimi i kishave në zonën e Fierit&#8221; &#8212; Kisha Orthodhοkse Autoqefale e Shqipërisë" data-secret="o2DyGxEgZ9" frameborder="0" marginwidth="0" marginheight="0" scrolling="no" class="wp-embedded-content"></iframe><script type="text/javascript">
/* <![CDATA[ */
/*! This file is auto-generated */
!function(d,l){"use strict";l.querySelector&&d.addEventListener&&"undefined"!=typeof URL&&(d.wp=d.wp||{},d.wp.receiveEmbedMessage||(d.wp.receiveEmbedMessage=function(e){var t=e.data;if((t||t.secret||t.message||t.value)&&!/[^a-zA-Z0-9]/.test(t.secret)){for(var s,r,n,a=l.querySelectorAll('iframe[data-secret="'+t.secret+'"]'),o=l.querySelectorAll('blockquote[data-secret="'+t.secret+'"]'),c=new RegExp("^https?:$","i"),i=0;i<o.length;i++)o[i].style.display="none";for(i=0;i<a.length;i++)s=a[i],e.source===s.contentWindow&&(s.removeAttribute("style"),"height"===t.message?(1e3<(r=parseInt(t.value,10))?r=1e3:~~r<200&&(r=200),s.height=r):"link"===t.message&&(r=new URL(s.getAttribute("src")),n=new URL(t.value),c.test(n.protocol))&&n.host===r.host&&l.activeElement===s&&(d.top.location.href=t.value))}},d.addEventListener("message",d.wp.receiveEmbedMessage,!1),l.addEventListener("DOMContentLoaded",function(){for(var e,t,s=l.querySelectorAll("iframe.wp-embedded-content"),r=0;r<s.length;r++)(t=(e=s[r]).getAttribute("data-secret"))||(t=Math.random().toString(36).substring(2,12),e.src+="#?secret="+t,e.setAttribute("data-secret",t)),e.contentWindow.postMessage({message:"ready",secret:t},"*")},!1)))}(window,document);
//# sourceURL=https://orthodoxalbania.org/2020/wp-includes/js/wp-embed.min.js
/* ]]> */
</script>

&nbsp; MBAROJNË PUNIMET E NDËRHYRJEVE RESTAURUESE TË STRUKTURAVE TË ÇATISË NË KISHAT E “SHËN GJERGJIT” LIBOFSHË DHE “SHËN NIKOLLËS” VANAJ NË ZONËN E FIERIT. &nbsp; Mbarojnë punimet e restaurimit të ndërhyrjes për riparimin e çative në kishën e “Shën Gjergjit” Libofshë dhe “Shën Nikollës”, Vanaj. Në këto dy kisha ka pasur ndërhyrje restauruese nga Drejtoria Rajonale e Monumenteve te Kulturës të Tiranës gjatë viteve 1998-1999
