{"version":"1.0","provider_name":"Kisha Orthodh\u03bfkse Autoqefale e Shqip\u00ebris\u00eb","provider_url":"https:\/\/orthodoxalbania.org\/2020","author_name":"Kisha Orthodhokse","author_url":"https:\/\/orthodoxalbania.org\/2020\/author\/giokashar\/","title":"Kor\u00e7\u00eb - Festohet e kremtja e Theofanis\u00eb. (6 Janar 2007) - Kisha Orthodh\u03bfkse Autoqefale e Shqip\u00ebris\u00eb","type":"rich","width":600,"height":338,"html":"<blockquote class=\"wp-embedded-content\" data-secret=\"WFLrxUbLNy\"><a href=\"https:\/\/orthodoxalbania.org\/2020\/2007\/02\/26\/korce-festohet-e-kremtja-e-theofanise-janar-07\/\">Kor\u00e7\u00eb &#8211; Festohet e kremtja e Theofanis\u00eb. (6 Janar 2007)<\/a><\/blockquote><iframe sandbox=\"allow-scripts\" security=\"restricted\" src=\"https:\/\/orthodoxalbania.org\/2020\/2007\/02\/26\/korce-festohet-e-kremtja-e-theofanise-janar-07\/embed\/#?secret=WFLrxUbLNy\" width=\"600\" height=\"338\" title=\"&#8220;Kor\u00e7\u00eb &#8211; Festohet e kremtja e Theofanis\u00eb. (6 Janar 2007)&#8221; &#8212; Kisha Orthodh\u03bfkse Autoqefale e Shqip\u00ebris\u00eb\" data-secret=\"WFLrxUbLNy\" frameborder=\"0\" marginwidth=\"0\" marginheight=\"0\" scrolling=\"no\" class=\"wp-embedded-content\"><\/iframe><script type=\"text\/javascript\">\n\/* <![CDATA[ *\/\n\/*! This file is auto-generated *\/\n!function(d,l){\"use strict\";l.querySelector&&d.addEventListener&&\"undefined\"!=typeof URL&&(d.wp=d.wp||{},d.wp.receiveEmbedMessage||(d.wp.receiveEmbedMessage=function(e){var t=e.data;if((t||t.secret||t.message||t.value)&&!\/[^a-zA-Z0-9]\/.test(t.secret)){for(var s,r,n,a=l.querySelectorAll('iframe[data-secret=\"'+t.secret+'\"]'),o=l.querySelectorAll('blockquote[data-secret=\"'+t.secret+'\"]'),c=new RegExp(\"^https?:$\",\"i\"),i=0;i<o.length;i++)o[i].style.display=\"none\";for(i=0;i<a.length;i++)s=a[i],e.source===s.contentWindow&&(s.removeAttribute(\"style\"),\"height\"===t.message?(1e3<(r=parseInt(t.value,10))?r=1e3:~~r<200&&(r=200),s.height=r):\"link\"===t.message&&(r=new URL(s.getAttribute(\"src\")),n=new URL(t.value),c.test(n.protocol))&&n.host===r.host&&l.activeElement===s&&(d.top.location.href=t.value))}},d.addEventListener(\"message\",d.wp.receiveEmbedMessage,!1),l.addEventListener(\"DOMContentLoaded\",function(){for(var e,t,s=l.querySelectorAll(\"iframe.wp-embedded-content\"),r=0;r<s.length;r++)(t=(e=s[r]).getAttribute(\"data-secret\"))||(t=Math.random().toString(36).substring(2,12),e.src+=\"#?secret=\"+t,e.setAttribute(\"data-secret\",t)),e.contentWindow.postMessage({message:\"ready\",secret:t},\"*\")},!1)))}(window,document);\n\/\/# sourceURL=https:\/\/orthodoxalbania.org\/2020\/wp-includes\/js\/wp-embed.min.js\n\/* ]]> *\/\n<\/script>\n","description":"&nbsp;&nbsp;&nbsp; Kremtimet e shumta u finalizuan me fest\u00ebn e Theofanis\u00eb, ku mij\u00ebra qytetar\u00eb mor\u00ebn pjes\u00eb n\u00eb festimet e k\u00ebsaj dite, n\u00eb k\u00ebt\u00eb dit\u00eb kur gjith\u00eb natyra shenjt\u00ebrohet me Pag\u00ebzimin e Zotit Jisu Krisht prej Sh\u00ebn Joanit n\u00eb Jordan. &nbsp;&nbsp;&nbsp;&nbsp; Hir\u00ebsia e Tij Imzot Joani theksoi r\u00ebnd\u00ebsin\u00eb e k\u00ebsaj dite si dita e shfaqjes s\u00eb Per\u00ebndis\u00eb Triadik prej s\u00eb larti, si edhe hapjen e rrug\u00ebs p\u00ebr","thumbnail_url":"https:\/\/lh6.googleusercontent.com\/-8n8CVOlQB0o\/VIg4h5aC57I\/AAAAAAAAF_Q\/OK-gU8dDU4A\/w370-h216-no\/untitled1.jpg"}

Kisha Orthodhοkse Autoqefale e Shqipërisë

Korçë - Festohet e kremtja e Theofanisë. (6 Janar 2007) - Kisha Orthodhοkse Autoqefale e Shqipërisë

<blockquote class="wp-embedded-content" data-secret="WFLrxUbLNy"><a href="https://orthodoxalbania.org/2020/2007/02/26/korce-festohet-e-kremtja-e-theofanise-janar-07/">Korçë &#8211; Festohet e kremtja e Theofanisë. (6 Janar 2007)</a></blockquote><iframe sandbox="allow-scripts" security="restricted" src="https://orthodoxalbania.org/2020/2007/02/26/korce-festohet-e-kremtja-e-theofanise-janar-07/embed/#?secret=WFLrxUbLNy" width="600" height="338" title="&#8220;Korçë &#8211; Festohet e kremtja e Theofanisë. (6 Janar 2007)&#8221; &#8212; Kisha Orthodhοkse Autoqefale e Shqipërisë" data-secret="WFLrxUbLNy" frameborder="0" marginwidth="0" marginheight="0" scrolling="no" class="wp-embedded-content"></iframe><script type="text/javascript">
/* <![CDATA[ */
/*! This file is auto-generated */
!function(d,l){"use strict";l.querySelector&&d.addEventListener&&"undefined"!=typeof URL&&(d.wp=d.wp||{},d.wp.receiveEmbedMessage||(d.wp.receiveEmbedMessage=function(e){var t=e.data;if((t||t.secret||t.message||t.value)&&!/[^a-zA-Z0-9]/.test(t.secret)){for(var s,r,n,a=l.querySelectorAll('iframe[data-secret="'+t.secret+'"]'),o=l.querySelectorAll('blockquote[data-secret="'+t.secret+'"]'),c=new RegExp("^https?:$","i"),i=0;i<o.length;i++)o[i].style.display="none";for(i=0;i<a.length;i++)s=a[i],e.source===s.contentWindow&&(s.removeAttribute("style"),"height"===t.message?(1e3<(r=parseInt(t.value,10))?r=1e3:~~r<200&&(r=200),s.height=r):"link"===t.message&&(r=new URL(s.getAttribute("src")),n=new URL(t.value),c.test(n.protocol))&&n.host===r.host&&l.activeElement===s&&(d.top.location.href=t.value))}},d.addEventListener("message",d.wp.receiveEmbedMessage,!1),l.addEventListener("DOMContentLoaded",function(){for(var e,t,s=l.querySelectorAll("iframe.wp-embedded-content"),r=0;r<s.length;r++)(t=(e=s[r]).getAttribute("data-secret"))||(t=Math.random().toString(36).substring(2,12),e.src+="#?secret="+t,e.setAttribute("data-secret",t)),e.contentWindow.postMessage({message:"ready",secret:t},"*")},!1)))}(window,document);
//# sourceURL=https://orthodoxalbania.org/2020/wp-includes/js/wp-embed.min.js
/* ]]> */
</script>

&nbsp;&nbsp;&nbsp; Kremtimet e shumta u finalizuan me festën e Theofanisë, ku mijëra qytetarë morën pjesë në festimet e kësaj dite, në këtë ditë kur gjithë natyra shenjtërohet me Pagëzimin e Zotit Jisu Krisht prej Shën Joanit në Jordan. &nbsp;&nbsp;&nbsp;&nbsp; Hirësia e Tij Imzot Joani theksoi rëndësinë e kësaj dite si dita e shfaqjes së Perëndisë Triadik prej së larti, si edhe hapjen e rrugës për
